
-3
Let o(u) = -5*u**2 + 25*u + 22. Let i(c) = 3*c**2 - 17*c - 14. Let l(f) = 8*i(f) + 5*o(f). Calculate l(-11).
-2
Let o = 574 - 586. Let m(f) = f**2 + 13*f + 12. Give m(o).
0
Suppose -2 + 16 = 2*q. Let v(f) = -f. Let l(r) = r - 3. Let b(p) = l(p) + 2*v(p). Determine b(q).
-10
Let q(j) = -j**3 - 7*j**2 - 4*j - 6. Let k = 22 - 28. Determine q(k).
-18
Let x(o) = -1 + 2*o + o - 8*o + 0*o. Let g be (-2)/(-13) + (-1410)/(-130). Let s(v) = v - 12. Let i be s(g). Determine x(i).
4
Let r(b) be the third derivative of -b**6/120 + 7*b**5/60 + 11*b**4/24 - 3*b**3/2 + 23*b**2 + 2. Give r(8).
15
Let v(m) be the third derivative of -m**5/24 - m**4/12 - m**3/2 - 3*m**2. Let w(r) be the first derivative of v(r). Give w(-4).
18
Let z(n) = -n**3 + 10 - 5 - n**2 - n**2 + 3*n**2. Suppose 0 = -4*o + 8*o - 8. Let g be (-4 + (o - -2))/(1 - 0). What is z(g)?
5
Let w(o) = o**3 - 2*o**2 + 0*o - 2*o + o**3. Suppose -4*q = -32 - 8. Suppose 0 = -3*y - 2*y + 4*h - 2, -y + 4*h = q. Calculate w(y).
4
Let z be 80/440 + (-4)/22. Let j(k) = -2*k + 1. Give j(z).
1
Suppose 41*b - 11 + 20 = -32. Let j(u) = -3*u**3 + 3*u**3 - u - 4*u**3. Determine j(b).
5
Let x(k) = 5*k**2 + 27*k + 6. Let a(l) = -3*l**2 - 17*l - 4. Let c(u) = 8*a(u) + 5*x(u). Determine c(-4).
18
Let d(j) = -95*j**2 + 36*j**2 - 2*j**3 - 2 + 31*j**2 + 31*j**2 + j**3 + j. Calculate d(3).
1
Let a(z) be the third derivative of 7/60*z**5 + 1/120*z**6 + 2/3*z**3 + 0 + 2*z**2 + 0*z + 1/3*z**4. Suppose 48 = -4*n - 4*n. Determine a(n).
-8
Let a(j) = j**3 + j**2 - 5*j - 2. Let f be 2/4*(0 - -2) + 2. Suppose 0 = 4*q - 3*q + 4, -4*q - 25 = f*s. Give a(s).
-5
Let w(f) = f**2 - 33*f + 58. Let u be w(2). Let c(a) = -a**2 - 5*a + a - 1 + 2*a. Determine c(u).
-9
Let i be (8/6)/((-6)/(-36)). Let t(k) = i - 3*k - 1 - 2 - k. What is t(5)?
-15
Suppose 0 = -n + 6*n + 5. Let f(h) = 8*h - 7. Let k(j) = j - 1. Let x(z) = -3*f(z) + 21*k(z). Give x(n).
3
Suppose -15 = -3*x, -q + x - 4 - 7 = 0. Let k(r) = 4*r**3 + 7*r**2 + 3*r + 4. Let v(l) = 5*l**3 + 7*l**2 + 4*l + 5. Let g(w) = q*k(w) + 5*v(w). Determine g(7).
15
Let t(q) be the third derivative of -q**5/120 + 5*q**4/24 + q**3/2 - 5*q**2. Let c(d) be the first derivative of t(d). Determine c(5).
0
Let q be 0/(-3)*(22 + -21). Let o(x) = -2*x + 24. Let r(l) = -3*l + 47. Let k(h) = -5*o(h) + 3*r(h). What is k(q)?
21
Let a(p) be the first derivative of -p**3/3 - 3*p**2 - 2*p - 127. What is a(-5)?
3
Let y = -1 - -1. Let m(n) be the first derivative of -n**2/2 - 6*n - 9. Determine m(y).
-6
Let q(a) = -7*a**3 + 5*a**2 + 20*a - 17. Let i(n) = 10*n**3 - 8*n**2 - 29*n + 25. Let o(g) = -5*i(g) - 7*q(g). Calculate o(6).
-12
Suppose 2*k + 7 = 3*k. Let c(j) be the second derivative of j**3/6 - 4*j**2 + 811*j - 2. Give c(k).
-1
Let h(i) = 2. Let j(t) = -2*t + 1. Let m(b) = h(b) - 3*j(b). Calculate m(1).
5
Let b(r) = r. Let d(q) = -1. Let h(y) = b(y) + 3*d(y). Suppose -4*l - 11 + 3 = 0. Let p be 7 + l - 0 - 0. What is h(p)?
2
Let i(g) = -g**3 - 8*g**2 - 7*g - 2. Suppose 0 = 4*x - 2*v + 3*v + 27, 5*x + 30 = -5*v. What is i(x)?
-2
Let z(p) = -5*p**2 + 0*p**2 - 25*p**3 - 5 + 7*p + 26*p**3 - p**2. Calculate z(5).
5
Let k(p) = 5*p**2 + 1. Let u be k(1). Let h(j) = -j**2 - j**3 + 0 + 4*j - u - 3*j**2. Suppose 0 = 148*q - 135*q + 65. What is h(q)?
-1
Let d(g) = g**3 + g**2 + g. Let s(t) = 2*t**3 + 6*t**2 - 4*t + 4. Let q(a) = -d(a) + s(a). Let l(m) = -m + 0 - 4 + 3. Let x be l(5). What is q(x)?
-2
Let q(x) = 2*x - 2. Let g = 7 + -4. Suppose 2*r = -g*r - 15. Let f(p) = p**3 + 3*p**2 + 3. Let u be f(r). What is q(u)?
4
Let o(w) be the third derivative of w**6/60 - w**5/60 - w**4/12 - 39*w**2. Let l(p) = -p**2 - 5*p + 8. Let n be l(-6). What is o(n)?
8
Let b(p) = -7*p**2 - 24*p - 12. Let c(a) = -30*a**2 - 101*a - 49. Let z(f) = 13*b(f) - 3*c(f). Suppose -4*x + 0*u = -4*u + 32, 2*x = -5*u - 2. Determine z(x).
9
Suppose i + 3*i = -192. Let x be (-40)/i + (-2)/(-12). Let h(c) = -x - 23*c + 7 + 24*c. Give h(0).
6
Let b(i) = 13*i + 10. Let j(m) = -11*m - 11. Let u(p) = -5*b(p) - 6*j(p). Give u(-7).
9
Let m(k) = 57*k**2 + 3 + 2*k + 49*k**2 - 107*k**2 + 0. Calculate m(3).
0
Let u(w) be the first derivative of w**5/30 + w**4/8 - w**3/3 + 6*w - 24. Let m(g) be the third derivative of u(g). Give m(-2).
-5
Let w(v) = -v**3 + 2*v**2 + 3*v + 3. Let d(y) = -y + 10. Let m be d(0). Suppose 5*x - m - 25 = 0. Let z be (2 - 6)/(x + -5). Determine w(z).
13
Let w(r) = 2 + 4*r - 5 - 1. Let x(o) = -4*o**3 + 3*o**3 + 11*o**2 + 2*o + o**3 - 12 + 2*o**3. Let v be x(-5). Calculate w(v).
8
Suppose 0 = -2*v + 4*v - 8. Let y(x) = 2*x**2 + 9*x - 1. Let h(q) = -3*q**2 - 11*q. Let f(z) = 3*h(z) + 4*y(z). What is f(v)?
-8
Let l(q) = 12*q**3 + 8*q**2 - 7. Let t(g) = -11*g**3 - 7*g**2 + 6. Let m(r) = -5*l(r) - 6*t(r). Suppose -z - 2 = z. Determine m(z).
-5
Let y(j) = 2*j + 4. Let u(z) = -z - 2. Let d be u(-5). Suppose 31 - 13 = d*v. Suppose 11 = -n + v. Calculate y(n).
-6
Let j(z) = z**2 - 22*z - 18. Let i be j(19). Let t be 3/(-5) + 30/i. Let r(n) = 3*n**2 + 6*n**3 - 1 - n**2 + 2*n**3. Determine r(t).
-7
Let n(z) = -3*z**2 + 2*z - 1. Let k be ((-134)/6)/((-2)/6). Suppose 0 = 62*g - k*g + 10. Determine n(g).
-9
Let f(s) = s**2 - 9*s + 21. Let j be f(6). Let i(o) = -o**3 + 0*o**2 - 5 - 5*o + 2*o**j - 5*o**2. Calculate i(6).
1
Suppose -1593*d + 1640*d = 282. Let r(f) be the second derivative of f**4/12 - 5*f**3/6 - 2*f**2 + f. Calculate r(d).
2
Let j(m) = -3*m**3 + m**2 + 6*m - 10. Let t(o) = -o**3 + 2*o - 3. Let s be -3 + 7 + 6 + -8. Let d(w) = s*j(w) - 7*t(w). What is d(2)?
13
Let m(x) be the third derivative of -5*x**2 + 1/2*x**3 + 1/15*x**5 + 0*x - 1/60*x**6 + 0 - 1/6*x**4. What is m(2)?
-5
Let c(x) = -x**2 - x - 4. Let o(s) = s**3 - s**2 - s. Let g be (-9)/18*(1 - 1). Let a be o(g). What is c(a)?
-4
Suppose 45*k = 39*k + 222. Let y(u) = -k*u**2 + 9*u**2 + 16*u**2 + 10*u**2 - 3*u. Determine y(-4).
-20
Let i(v) = 5*v**3 + v**2 + v - 1. Let z = 19 - 17. Suppose -k - z + 3 = 0. What is i(k)?
6
Let h(l) = -l**2 + 6*l - 7. Let i be h(6). Let f = -30 + 35. Let d(z) = -23*z**2 - f*z - 7 + 22*z**2 - 4*z. Determine d(i).
7
Let d(j) = -22*j + 2. Suppose 4*k + 2 = 3*x - 3, 4*x + 14 = -5*k. What is d(x)?
24
Let p(x) be the first derivative of x**2 + 4*x + 35. Determine p(2).
8
Let f(t) = 17 + 5 - 6 - 1837*t + 1838*t. Determine f(9).
25
Let b(x) = -3*x - 3. Let g be (-6)/(-3) + 6/3 - 11. Calculate b(g).
18
Let z(k) = -9*k + 3*k - 4*k**2 + 5*k**2 + 13 - 9. Give z(4).
-4
Let z(p) = -p**2 - 3*p + 4. Let c = 62 + -52. Suppose 5*r + 6 = 3*s - c, -4*r - 3*s - 29 = 0. Calculate z(r).
-6
Let f(x) = -191*x + 573*x - 190*x - 193*x. Determine f(5).
-5
Let b(g) = -g**3 - 6*g**2 - 4*g - 3. Let h(a) = -15*a + 72. Let i(f) = -5*f + 24. Let l(w) = -3*h(w) + 8*i(w). Let z be l(4). What is b(z)?
-19
Let q(j) = j**3 + 5*j**2 - 7*j - 5. Suppose 3*n - 50*u + 52*u = -23, 2*n + 4*u + 18 = 0. Determine q(n).
-54
Let q(i) = 2 + 4 - 10 + 5 + 2*i. Suppose -5*f - 3*w + 35 = 0, -w = 2*f - 4*f + 3. Determine q(f).
9
Let y = -4 + 8. Let n(b) be the second derivative of -b**7/2520 + b**6/144 - b**5/40 + 3*b**4/4 - 4*b. Let s(p) be the third derivative of n(p). Calculate s(y).
1
Let q be (-3 - 10/(-3))*-6. Let y(k) = -k**3 - 6*k**2 - 2*k + 5. Let o(w) = w**2 - 1. Let n(l) = -6*o(l) - y(l). Determine n(q).
-11
Let r be (-1)/9*-9*(1 - -2). Let j(k) = -5*k**2 + 5*k + 1. Let c(q) = -11*q**2 + 11*q + 3. Let b(i) = 4*c(i) - 9*j(i). Give b(r).
9
Let q(k) = -k - 9. Let g(h) = -2*h - 21. Let l(m) = -4*g(m) + 9*q(m). Calculate l(4).
-1
Let f(w) be the third derivative of w**4/12 + w**3/6 - 54*w**2. Let l be 1/2*(-2)/(-1). Give f(l).
3
Suppose 14*q = 12*q + 10. Suppose 0*u - u = -2*v, -5*v - 15 = q*u. Let s(r) = -8*r**2 - 3*r - 1. Give s(u).
-27
Let s(l) = -5*l + 7. Suppose -q + 9 = x, q + 5 = 3*x - 6. Suppose -x*v + 10*v = 25. Calculate s(v).
-18
Suppose 18 = 6*f + 48. Let p(i) = i**2 + 4*i - 1. What is p(f)?
4
Let l(z) = -z**3 - 13*z**2 + 13*z + 5. Suppose 0 = -34*x + 299 - 775. Give l(x).
19
Let k be 6/(-12) - 7/(-2). Let r(b) = -k*b**2 + 4*b - 10 + 2*b**2 - 2*b + 9. What is r(2)?
-1
Suppose 14*t = 19*t + 15. Let v = -3 + t. Let i be (-1)/(-3) + (-4)/v. Let d(l) = 10*l - 1. Determine d(i).
9
Let i(b) = 8*b**3 - 2*b + 1. Let w(j) = 194 - j**2 + 2*j**2 - 24*j - 218. Let k be w(25). Calculate i(k).
7